{"id":3093,"date":"2022-02-28T15:01:23","date_gmt":"2022-02-28T15:01:23","guid":{"rendered":"http:\/\/sw-themes.com\/porto_dummy\/?post_type=porto_builder&amp;p=3093"},"modified":"2022-02-28T15:01:23","modified_gmt":"2022-02-28T15:01:23","slug":"case-type","status":"publish","type":"porto_builder","link":"https:\/\/p6.rvinfo.com.br\/en\/?porto_builder=case-type","title":{"rendered":"Case Type"},"content":{"rendered":"<div class=\"vc_section porto-section position-relative case-type porto-gb-cd5642955065f357ceb3b5c3e38d9a92\">\n<div class=\"porto-tb-featured-image tb-image-type-default porto-gb-6af9589a189acb27e10447aa5c4c36bb\" data-title=\"Justi\u00e7a do Trabalho refor\u00e7a o monitoramento de casos de ass\u00e9dio eleitoral nas rela\u00e7\u00f5es de trabalho\"><a aria-label=\"post featured image\" href=\"https:\/\/p6.rvinfo.com.br\/en\/insights\/justica-do-trabalho-reforca-o-monitoramento-de-casos-de-assedio-eleitoral-nas-relacoes-de-trabalho\/\" class=\"img-thumbnail\"><img fetchpriority=\"high\" decoding=\"async\" width=\"1600\" height=\"800\" src=\"https:\/\/p6.rvinfo.com.br\/wp-content\/uploads\/2026\/08\/WhatsApp-Image-2026-07-31-at-13.14.37.jpeg\" class=\"img-responsive\" alt=\"\" srcset=\"https:\/\/p6.rvinfo.com.br\/wp-content\/uploads\/2026\/08\/WhatsApp-Image-2026-07-31-at-13.14.37.jpeg 1600w, https:\/\/p6.rvinfo.com.br\/wp-content\/uploads\/2026\/08\/WhatsApp-Image-2026-07-31-at-13.14.37-1024x512.jpeg 1024w, https:\/\/p6.rvinfo.com.br\/wp-content\/uploads\/2026\/08\/WhatsApp-Image-2026-07-31-at-13.14.37-768x384.jpeg 768w, https:\/\/p6.rvinfo.com.br\/wp-content\/uploads\/2026\/08\/WhatsApp-Image-2026-07-31-at-13.14.37-1536x768.jpeg 1536w, https:\/\/p6.rvinfo.com.br\/wp-content\/uploads\/2026\/08\/WhatsApp-Image-2026-07-31-at-13.14.37-640x320.jpeg 640w, https:\/\/p6.rvinfo.com.br\/wp-content\/uploads\/2026\/08\/WhatsApp-Image-2026-07-31-at-13.14.37-400x200.jpeg 400w, https:\/\/p6.rvinfo.com.br\/wp-content\/uploads\/2026\/08\/WhatsApp-Image-2026-07-31-at-13.14.37-367x184.jpeg 367w\" sizes=\"(max-width: 1600px) 100vw, 1600px\" title=\"\"><\/a><div class=\"tb-hover-content with-link\"><a aria-label=\"post content\" href=\"https:\/\/p6.rvinfo.com.br\/en\/insights\/justica-do-trabalho-reforca-o-monitoramento-de-casos-de-assedio-eleitoral-nas-relacoes-de-trabalho\/\" class=\"porto-tb-link\"><\/a>\n<p class=\"porto-heading\" style=\"\"><\/p>\n<\/div><\/div>\n\n<div class=\"vc_section porto-section flex-container case-content flex-column justify-content-center porto-gb-07a3069b52ca5def608c804509829eec\" style=\"background-color:#ffffff;\">\n<span class=\"porto-heading porto-gb-2d917a32d4fbba3b679f0a9c4f70c075\" style=\"\"><\/span>\n\n<p class=\"porto-heading font-style-italic case-title porto-gb-aed5771d463b78b4fd80c2b42d496ac4 post-title\" style=\"\"><a aria-label=\"Post Title\" href=\"https:\/\/p6.rvinfo.com.br\/en\/?porto_builder=case-type\">Case Type<\/a><\/p>\n\n<a aria-label=\"button\" class=\"btn btn-md btn-primary porto-gb-96a281197967a78c489e21b7ccd7b1a9\" href=\"https:\/\/p6.rvinfo.com.br\/en\/?porto_builder=case-type\"><span>View Details<\/span><\/a>\n<\/div>\n<\/div>","protected":false},"author":1,"featured_media":0,"template":"","porto_builder_type":[45],"class_list":["post-3093","porto_builder","type-porto_builder","status-publish","hentry"],"acf":[],"_links":{"self":[{"href":"https:\/\/p6.rvinfo.com.br\/en\/wp-json\/wp\/v2\/porto_builder\/3093","targetHints":{"allow":["GET"]}}],"collection":[{"href":"https:\/\/p6.rvinfo.com.br\/en\/wp-json\/wp\/v2\/porto_builder"}],"about":[{"href":"https:\/\/p6.rvinfo.com.br\/en\/wp-json\/wp\/v2\/types\/porto_builder"}],"author":[{"embeddable":true,"href":"https:\/\/p6.rvinfo.com.br\/en\/wp-json\/wp\/v2\/users\/1"}],"version-history":[{"count":0,"href":"https:\/\/p6.rvinfo.com.br\/en\/wp-json\/wp\/v2\/porto_builder\/3093\/revisions"}],"wp:attachment":[{"href":"https:\/\/p6.rvinfo.com.br\/en\/wp-json\/wp\/v2\/media?parent=3093"}],"wp:term":[{"taxonomy":"porto_builder_type","embeddable":true,"href":"https:\/\/p6.rvinfo.com.br\/en\/wp-json\/wp\/v2\/porto_builder_type?post=3093"}],"curies":[{"name":"wp","href":"https:\/\/api.w.org\/{rel}","templated":true}]}}

<div class="vc_section porto-section position-relative case-type porto-gb-cd5642955065f357ceb3b5c3e38d9a92">
<div class="porto-tb-featured-image tb-image-type-default porto-gb-6af9589a189acb27e10447aa5c4c36bb" data-title="Justiça do Trabalho reforça o monitoramento de casos de assédio eleitoral nas relações de trabalho"><a aria-label="post featured image" href="https://p6.rvinfo.com.br/en/insights/justica-do-trabalho-reforca-o-monitoramento-de-casos-de-assedio-eleitoral-nas-relacoes-de-trabalho/" class="img-thumbnail"><img fetchpriority="high" decoding="async" width="1600" height="800" src="https://p6.rvinfo.com.br/wp-content/uploads/2026/08/WhatsApp-Image-2026-07-31-at-13.14.37.jpeg" class="img-responsive" alt="" srcset="https://p6.rvinfo.com.br/wp-content/uploads/2026/08/WhatsApp-Image-2026-07-31-at-13.14.37.jpeg 1600w, https://p6.rvinfo.com.br/wp-content/uploads/2026/08/WhatsApp-Image-2026-07-31-at-13.14.37-1024x512.jpeg 1024w, https://p6.rvinfo.com.br/wp-content/uploads/2026/08/WhatsApp-Image-2026-07-31-at-13.14.37-768x384.jpeg 768w, https://p6.rvinfo.com.br/wp-content/uploads/2026/08/WhatsApp-Image-2026-07-31-at-13.14.37-1536x768.jpeg 1536w, https://p6.rvinfo.com.br/wp-content/uploads/2026/08/WhatsApp-Image-2026-07-31-at-13.14.37-640x320.jpeg 640w, https://p6.rvinfo.com.br/wp-content/uploads/2026/08/WhatsApp-Image-2026-07-31-at-13.14.37-400x200.jpeg 400w, https://p6.rvinfo.com.br/wp-content/uploads/2026/08/WhatsApp-Image-2026-07-31-at-13.14.37-367x184.jpeg 367w" sizes="(max-width: 1600px) 100vw, 1600px" title=""></a><div class="tb-hover-content with-link"><a aria-label="post content" href="https://p6.rvinfo.com.br/en/insights/justica-do-trabalho-reforca-o-monitoramento-de-casos-de-assedio-eleitoral-nas-relacoes-de-trabalho/" class="porto-tb-link"></a>
<p class="porto-heading" style=""></p>
</div></div>

<div class="vc_section porto-section flex-container case-content flex-column justify-content-center porto-gb-07a3069b52ca5def608c804509829eec" style="background-color:#ffffff;">
<span class="porto-heading porto-gb-2d917a32d4fbba3b679f0a9c4f70c075" style=""></span>

<p class="porto-heading font-style-italic case-title porto-gb-aed5771d463b78b4fd80c2b42d496ac4 post-title" style=""><a aria-label="Post Title" href="https://p6.rvinfo.com.br/en/?porto_builder=case-type">Case Type</a></p>

<a aria-label="button" class="btn btn-md btn-primary porto-gb-96a281197967a78c489e21b7ccd7b1a9" href="https://p6.rvinfo.com.br/en/?porto_builder=case-type"><span>View Details</span></a>
</div>
</div>
